d by 3.
1
Let v = 6 - 4. Suppose 2*i + s - 4*s - 5 = 0, 0 = i - v*s - 2. Suppose j - 27 = -t, -3*j = -i*t - 8 - 66. What is the remainder when 50 is divided by j?
24
Let b = -6 - -6. Suppose 4*a + 2*x - 18 = b, -a + 3 = -3*a + 3*x. Calculate the remainder when (0 - 0 - 1)*-7 is divided by a.
1
Suppose 5*d + 4 = -2*y - 25, y = 3*d + 13. Let j(a) = 5*a**3 + 4*a**2 + a - 2. Let g be j(y). Let b = -18 - g. What is the remainder when 29 is divided by b?
9
Let u = -7 + 19. Let y = -18 + 41. Calculate the remainder when y is divided by u.
11
Let x(m) = m + 1. Let z(j) = 11*j + 6. Let s(y) = -4*x(y) + z(y). What is the remainder when s(2) is divided by 6?
4
Let p = -1 - -10. Calculate the remainder when p is divided by 4.
1
Suppose 2*i - 3 = 7. Suppose 6 = -2*n + 2. Let k = 0 - n. Calculate the remainder when i is divided by k.
1
Let j be -1 + 2 + 0 + 2. Let v be 3 + 5 - 1 - 3. Suppose -4 = -v*q + 4*k, q + 3 = -k + j*k. Calculate the remainder when 9 is divided by q.
4
Let d(o) = -o**2 + 12*o - 14. What is the remainder when d(7) is divided by 8?
5
Let k(y) = 5*y. Calculate the remainder when 13 is divided by k(1).
3
Let g = -21 + 59. Suppose 0 = 4*f + 12, -2*q + 3*f = -8 - 41. Calculate the remainder when g is divided by q.
18
Suppose 2*d = -3*d + 65. Let c(y) = y**2 + 3*y - 1. Calculate the remainder when c(2) is divided by (-6)/(-9) - d/(-3).
4
Suppose 116 + 80 = 4*f. What is the remainder when f is divided by 17?
15
Let i be (-2)/3 - (-2120)/30. What is the remainder when i*((-5)/2 - -3) is divided by 86/7 + (-4)/14?
11
Suppose 2*u = 4*l - 438, 0 = 2*l - 3*l + 4*u + 106. Suppose w + 2*y = 36, 4*y + 20 = 9*y. Calculate the remainder when l is divided by w.
26
Suppose i + 5 = -0*b + 2*b, i = -5*b - 5. Suppose b = -w + 7 + 10. What is the remainder when w is divided by 9?
8
What is the remainder when 17 is divided by 2/1*(-1)/2 - -13?
5
Suppose 3*v - k = 114, 2*v = -0*v + 2*k + 76. Calculate the remainder when (-4)/(-8)*(0 + v) is divided by 7.
5
Let f = -95 + 108. Let r(q) = -5*q**2 - 3. Let n be r(-4). Let y = -47 - n. What is the remainder when y is divided by f?
10
Let f(p) = 4*p**3 + 1. Let w be f(-1). Let d(y) = -8*y - 4. Suppose -k + 35 = -23. What is the remainder when k is divided by d(w)?
18
What is the remainder when 110 is divided by 14*1/3*6?
26
Suppose 0 = 9*w - 15*w + 72. Calculate the remainder when 57 is divided by w.
9
Let v = 6 + 8. What is the remainder when (603/(-18))/(2/(-4)) is divided by v?
11
Suppose -5*v = -v - 4*g - 100, 2*v - 5*g = 41. Calculate the remainder when 106 is divided by v.
22
Suppose -5*w + 6 = 16, 2*w + 169 = 5*z. Let p(d) = 3*d + 2. Calculate the remainder when z is divided by p(5).
16
Let u = -97 + 123. What is the remainder when 44 is divided by u?
18
Suppose -n + 0*n = 3*u - 103, -u + 21 = 3*n. Let y = u - 63. Calculate the remainder when 3*78/y*-3 is divided by 9.
8
Suppose -5*w - 2*a = -31, 4*a + 8 = -0*a. Calculate the remainder when w is divided by (-16)/(-10) + 6/15.
1
Suppose -3*k + 129 = 2*g, 170 = 4*k - 2*g + 4*g. Calculate the remainder when k is divided by 21.
20
Suppose -h + 49 = 16. Calculate the remainder when 44 is divided by 1/(h/16 + -2).
12
Suppose -4*r + 5*y + 57 = -2*r, 18 = r + y. Calculate the remainder when 62 is divided by r.
20
Suppose -t - 13 + 2 = 5*k, -5*t + 65 = -5*k. Calculate the remainder when t is divided by 5/1 + 0/(-2).
4
Let b(u) = 2*u**2 + 1 - 3*u**2 + 2*u**2 + 3*u + 4. Calculate the remainder when 11 is divided by b(-2).
2
Let t = 44 - 26. Calculate the remainder when 33 is divided by t.
15
Suppose 5*b - 2*w - 4 = 0, 4*b - 2 = 3*w - 3. What is the remainder when 4 is divided by b?
0
Suppose 2*b = 3*b - 3. Suppose 3*m - 2*g - 34 = -g, -4*g - 26 = -m. What is the remainder when m is divided by b?
1
Suppose 0 = -3*j - j + 28. Suppose -m - 4*m + 140 = -2*w, -112 = -4*m + 2*w. Suppose 0 = -5*f - m + 123. Calculate the remainder when f is divided by j.
5
Let t = 2 + -2. Let v(f) = -f**3 + f**2 + 2. Let w be v(t). Suppose -4*x + 0*x - 2 = -w*h, -2*h + 17 = -x. What is the remainder when h is divided by 6?
5
Suppose o - 50 = -5*h, -3*o + 50 = -0*o - 5*h. Calculate the remainder when 99 is divided by o.
24
Let h = 44 + -20. What is the remainder when 992/h - (-2)/(-6) is divided by 22?
19
Suppose -v = -5*y + 132, -3*y - 2*v + 93 = 2*v. What is the remainder when y is divided by 7?
6
Suppose d + 3*d + 4 = 0. What is the remainder when 14 is divided by ((-12)/15)/(d/10)?
6
Suppose 5*v = 4*a - 69, 4*v + 17 = 3*a - 34. Calculate the remainder when 81 is divided by a.
18
Let r = 15 + -7. What is the remainder when (2/(-4))/(2/(-56)) is divided by r?
6
Let g(j) = j**2 - 6*j + 11. What is the remainder when g(8) is divided by 14?
13
Let z = -3 - -3. Suppose z = -5*u + 73 + 7. Suppose -4*k + u = -20. What is the remainder when k is divided by 5?
4
Let t(i) = -2*i. Let d(w) = 3*w**3 - w**2 - 1. Let o be d(-2). Let y = 47 + o. What is the remainder when y is divided by t(-5)?
8
Calculate the remainder when 48 is divided by ((-4)/2)/(8/(-68)).
14
Suppose 3*c - 11 = -2*v, 4*v = -4*c - v + 17. Let s(h) = -3*h - 4. Calculate the remainder when s(-5) is divided by c.
2
Suppose -4*k - 127 = -711. Calculate the remainder when k is divided by 30.
26
Suppose 2*q = -2*m - 8, 3*q - 3*m - m = 9. Let l(r) = -13*r + 1. Suppose -3*h - 5 = -86. What is the remainder when h is divided by l(q)?
13
Let p(w) = w**2 + 2*w - 5. Let a be p(-4). Suppose a*g + 3*u + 0 = 9, -3*g + 3*u = 9. Suppose g*d = 3*d - 30. Calculate the remainder when 19 is divided by d.
9
Suppose -4*d + 11 = -3*d. What is the remainder when 13 is divided by d?
2
Let n be 3/(-3*(-1)/23). Suppose n = l + 2. What is the remainder when l is divided by 8?
5
Suppose 0 = -3*m + 3*s + 2*s - 6, -m = 4*s - 15. Let y be -2 + 0 + m - -3. Suppose a - 35 = -y*a. Calculate the remainder when 27 is divided by a.
6
What is the remainder when 44 + (3/(-4) - 247/(-52)) is divided by 26?
22
Let y(w) = 8*w**2 + w. What is the remainder when 27 is divided by y(-1)?
6
Let g(i) = 9*i - 1. Calculate the remainder when g(4) is divided by 9.
8
Let t = -1 - -7. Calculate the remainder when (16/(-56))/((-2)/154) is divided by t.
4
Suppose 3*s + 5*o = 5*s - 18, -4*o = -2*s + 22. What is the remainder when s is divided by 11?
8
What is the remainder when 24 is divided by ((-26)/4)/((-5)/10)?
11
Suppose 30 = 5*t + t. What is the remainder when 7 is divided by t?
2
Let o = 18 - -26. Calculate the remainder when o is divided by 23.
21
Suppose 4*b + 20 = -0*b. Suppose -g - 3*g - 118 = 5*i, -3*g = i + 28. Calculate the remainder when (i/4)/(b/10) is divided by 4.
3
Let d(g) = g**2 - 1. Let p be d(-1). Suppose 5*x = -p*x + 200. What is the remainder when 0/(-2) + x + -3 is divided by 13?
11
Suppose u - 2*u + 17 = 0. Suppose -192 = d - 5*d. What is the remainder when d is divided by u?
14
Suppose 4*s = 69 - 21. Suppose -y + s = -5*p, 3*p + 0 + 12 = y. Calculate the remainder when 33 is divided by y.
9
Let c = -67 - -141. What is the remainder when c is divided by 15?
14
Suppose 0 = 2*v - x - 82, 4*v + 2*x - 205 = -v. Calculate the remainder when v is divided by 11.
8
Suppose -3*t = 3*t - 126. Calculate the remainder when 40 is divided by t.
19
Let o = 104 + -90. Calculate the remainder when 18 is divided by o.
4
Let h = 11 - 1. Suppose h = 2*d + 3*d. Let t(k) = k**3 - 6*k**2 + k - 2. What is the remainder when t(6) is divided by d?
0
Let r(u) = 5*u**2 + 4*u - 19. What is the remainder when r(4) is divided by 21?
14
Suppose 4*l - 29 = 15. Suppose -3*h = -u + 15, 0 = -4*u + 6*u + 5*h + 3. What is the remainder when l is divided by u?
5
Suppose -2*j - 4*h + 16 = 4, -3*j - 4 = -5*h. Suppose -3*y - 4*u = -18, u = j*y + 2*u - 12. Let p(z) = z + 5. What is the remainder when p(6) is divided by y?
5
Suppose -3*q = 2*q - 2*h - 20, -4*q + h = -19. Let w = q + 4. What is the remainder when 266/10 - 5/((-25)/2) is divided by w?
7
Let p(j) = -j**3 + 13*j**2 + 13*j + 16. What is the remainder when 4 is divided by p(14)?
0
Calculate the remainder when -3 + 1 - (-45 + 3) is divided by 22.
18
Suppose -3*k = -18 + 6. Let o be (-32)/(-24)*18/k. Let s(z) = -z + 13. Calculate the remainder when 27 is divided by s(o).
6
Let d = 58 - 100. Calculate the remainder when 41 is divided by d/(-9)*(2